c + 330. What is the highest common factor of 6 and c?
6
Suppose -5*g = -3*n - 52 + 9, 0 = -4*g + 3*n + 32. Suppose -5*i + 56 = -54. What is the greatest common divisor of i and g?
11
Suppose -4*a = 20, -3*a = 5*k - 32 - 78. Suppose 4*t + k = -151. Let j be (-1048)/t - (-4)/22. Calculate the greatest common divisor of 36 and j.
12
Suppose -881 + 225 = -5*v - q, -q = -5*v + 664. Let y = 7 - 3. Let x be ((-7)/y - -1)*-16. What is the highest common factor of v and x?
12
Let r = 1 + 8. Suppose 0*s - s = 4*c - 7, 5*s - 1 = -3*c. Suppose -3*h - 9 = -i, -c*h + 0*h = 0. What is the highest common divisor of i and r?
9
Let m be ((-4)/(-1))/(8/4). Calculate the greatest common factor of 16 and m.
2
Let v be (16*3/3)/((-6)/(-9)). Suppose -10 = -3*d - w, 2*w - 5*w = 2*d - 9. What is the highest common divisor of v and d?
3
Let d = -10 - -6. Let b(k) be the first derivative of k**4/4 + 8*k**3/3 - 3*k**2 - 4*k - 1. Let f be b(d). What is the greatest common factor of f and 12?
12
Let i be ((-15)/4)/(8/(-32)). What is the highest common divisor of i and 375?
15
Let o be ((-44)/5)/((-6)/15). Calculate the greatest common factor of 110 and o.
22
Suppose -h - l + 28 = -5*l, -3*l + 144 = 3*h. Calculate the greatest common factor of 11 and h.
11
Let x(v) = 7*v - 10. Let z be x(2). Let s(o) = 8*o**2 + o + 2. Let u be s(-2). What is the highest common factor of z and u?
4
Suppose -5*g + 6 = 2*d, -3*d + 2*g = -0*d - 47. Let r be (-7 + 3)*(-39)/12. What is the greatest common factor of d and r?
13
Suppose -4*h - 2*h = -672. Calculate the greatest common factor of 28 and h.
28
Let q(n) = -4*n**3 + n**2 + 2*n + 3. Let m be q(-2). Suppose -2*s + 2*a = s - 27, -s - 2*a + 1 = 0. What is the highest common divisor of s and m?
7
Suppose -3*g - 230 = -k - 54, -5*k - g = -880. Calculate the highest common divisor of k and 22.
22
Let b = 26 - 22. Suppose 5*q - q - 4*t - b = 0, 3*q - 5*t = -7. Calculate the highest common factor of 2 and q.
2
Suppose 4*w - 108 = -r - 4, 3*r - 12 = 0. Calculate the highest common divisor of w and 25.
25
Let o be ((-1)/(-2))/((-1)/(-114)). Suppose -5*z + a = -o, -z - a = -5*a. Let n = -7 + z. Calculate the greatest common divisor of 25 and n.
5
Let h(x) = x**3 + 11*x**2 + 7*x - 4. Let y be h(-4). What is the greatest common factor of y and 10?
10
Let n = 4 + -1. Suppose 5*y - 32 = -n*k - 0*k, 0 = -2*k - 4*y + 24. What is the highest common divisor of k and 6?
2
Let z = -41 - -62. Let s(l) = l - 4. Let q be s(6). Suppose 168 = q*c + 2*c. What is the greatest common factor of c and z?
21
Let g = -101 - -185. Calculate the highest common divisor of g and 36.
12
Let w = -56 + 176. What is the highest common divisor of 15 and w?
15
Suppose 0 = 4*l - 2*i - 66, 0*i + i = -5. Calculate the highest common divisor of l and 70.
14
Suppose 2*n = 46 + 46. What is the greatest common factor of 115 and n?
23
Suppose y = -n + 4, 3*y - 16 = n - 0*y. Let v be (n/2)/(5/(-10)). Calculate the highest common factor of 2 and v.
1
Let i be (-36)/(-16) - 1/4. Suppose -40 = -i*p - 3*p. What is the highest common factor of 8 and p?
8
Let h = -6 - -51. Calculate the greatest common factor of 60 and h.
15
Let c(l) be the third derivative of 0*l - 7/24*l**4 + l**2 + 11/6*l**3 + 1/60*l**5 + 0. Let q be c(8). What is the greatest common factor of 95 and q?
19
Suppose 24 = 3*o - 12. Let g be o/(2 + 1/(-2)). Calculate the highest common factor of 56 and g.
8
Let t(a) = -561*a + 9. Let g be t(12). Let y be 2/3*g/(-18). Let o = y + -168. Calculate the greatest common factor of o and 9.
9
Let a = -70 + 116. Calculate the greatest common factor of 23 and a.
23
Let y(j) = j**3 - 7*j**2 + 4. Let u be y(7). Let m be (-10 - 4)*(-34)/u. Let q be 9/(-12) - 142/(-8). What is the highest common factor of q and m?
17
Let f = 13 - -32. Calculate the highest common factor of f and 15.
15
Suppose c + r - 21 = -3*c, -3*c + 19 = 4*r. Let l(q) = q**2 - 2*q - 9. Let o be l(c). What is the greatest common divisor of o and 18?
6
Let q be (-4)/(-10) + 6776/10. Suppose 0*k - 5*k - 3*w - q = 0, -5*w = -k - 158. Let u = k - -194. Calculate the greatest common divisor of 14 and u.
14
Suppose 190 + 395 = 5*b. Calculate the greatest common factor of b and 13.
13
Let b(x) = x**2 - 6*x + 10. Let l be b(6). Calculate the greatest common factor of l and 20.
10
Suppose 11*r - 16 = 9*r. Calculate the highest common factor of 16 and r.
8
Let v be ((-20)/50)/(4/(-50)). Calculate the greatest common divisor of v and 5.
5
Suppose -5*k = 25, 0*k + 4*k - 520 = -5*j. Calculate the greatest common divisor of 12 and j.
12
Let l(p) = 3*p + 33. Let s be l(0). Let x(z) = z**2 + 5*z + 5. Let t be x(-6). What is the greatest common divisor of s and t?
11
Suppose o - 2*o + 12 = 0. Calculate the highest common factor of o and 96.
12
Let o = 29 + -12. Suppose 5*h = -10, 5*i - 96 + 21 = -5*h. What is the highest common factor of i and o?
17
Suppose -4*k = 14 - 50. Calculate the greatest common factor of 45 and k.
9
Suppose 8 = -3*f + 143. Let o(l) = l**2 - 5*l - 7. Let v be o(7). Let a = v - -2. Calculate the greatest common factor of a and f.
9
Suppose -5*l - 5*s + 12 = 2, -3*s = -3. Let h(x) = -x + 11. Let p be h(6). What is the highest common factor of l and p?
1
Let q(i) = i**2 - 14*i - 11. Let f(w) = 2*w**2 + 5*w + 5. Let t be f(-4). Let x be q(t). What is the greatest common divisor of 4 and x?
4
Let n(v) = 8*v**3 - v**2 + v + 2. Let z be n(2). Let c(x) = 16*x**2 - x + 1. Let s be c(1). What is the greatest common divisor of s and z?
16
Suppose -6*f + f = -25. Let h be 2/(-4)*(0 - 0). Suppose h = 2*p - 4*z - 10, -3*p + 0 = -4*z - 11. Calculate the highest common divisor of f and p.
1
Let r(l) = 16*l - 1. Let d be r(2). Suppose -11 + d = 2*j. What is the highest common divisor of 110 and j?
10
Let v(p) = 6*p**2 + 1. Let i be v(-3). Let y(d) = 12*d**2 - 2*d + 1. Let w be y(1). What is the greatest common divisor of w and i?
11
Suppose 0 = 6*h - 2*h + 20. Let l be (-2)/h - 129/(-15). What is the highest common factor of 81 and l?
9
Suppose -5*r = -3*j + 361, -2*j + 3*r + 2 = -237. Calculate the greatest common divisor of j and 16.
16
Let g = 241 - 171. Suppose -5*z + 9 = -6. Suppose -z*o + 70 = 2*o. Calculate the highest common factor of g and o.
14
Suppose a = 12 + 30. Let b be 0/6 - -6*1. Calculate the highest common factor of b and a.
6
Let o be (-4)/(3/(-5) + 2/(-30)). What is the greatest common factor of 96 and o?
6
Let d = 14 + 0. What is the greatest common divisor of d and 154?
14
Let n(q) be the second derivative of q**4/6 - q**3/3 - 2*q**2 + 6*q. Let s be n(8). Calculate the greatest common divisor of 12 and s.
12
Let d(q) = q + 1. Let z be d(-7). Let c be z/((-1)/(2*3)). What is the highest common factor of c and 9?
9
Suppose 4*q - 273 = 27. Calculate the greatest common divisor of q and 15.
15
Let m(b) = -8*b + 8. Let w be m(-4). What is the highest common factor of w and 60?
20
Suppose 0 = -2*r + 3*r - 4. Suppose -3*a = -r*a + 2. Let y be a/8 - 60/(-16). Calculate the highest common factor of 28 and y.
4
Let h be 3*3/((-45)/(-50)). Calculate the highest common factor of 130 and h.
10
Suppose -146 - 19 = -11*a. What is the greatest common factor of a and 120?
15
Suppose 3*j = -t + j + 124, -5*j + 115 = t. Suppose 150 = -5*a - t. Let w = 86 + a. Calculate the greatest common factor of w and 6.
6
Let q be 19 + (1 - -1)*(-1)/(-1). Calculate the highest common factor of 42 and q.
21
Suppose -4*j + 11 = -1, q - 22 = -2*j. Calculate the highest common divisor of q and 2.
2
Let h = -2 - -9. Calculate the highest common factor of 14 and h.
7
Let h(t) = -t + 65. Let q be h(28). What is the highest common divisor of 148 and q?
37
Let s = 80 + 25. Calculate the greatest common factor of s and 42.
21
Suppose 0 = -3*c - 5*r + 316, -4*c + 3*c = -5*r - 132. Suppose 3*d + 5*o - 32 = 0, 0*o = 4*d + 2*o - 52. Calculate the greatest common factor of d and c.
14
Let z(t) = t - 8. Let a(r) = 8. Let k(m) = -3*a(m) - 2*z(m). Suppose -2*c - 1 - 11 = 0. Let l be k(c). What is the greatest common factor of l and 24?
4
Let c = -74 - -105. What is the greatest common factor of c and 186?
31
Let w(k) = 3*k**2 - k + 5. Let q be w(-5). What is the highest common divisor of 34 and q?
17
Suppose -2*y + 4*r + 2 = 0, -5*r - 11 = -3*y - 4. Calcu